mber?
True
Suppose 0 = 2*l + 225 - 2399. Is l a prime number?
True
Let r(t) = 13*t**2 - 2*t - 2. Is r(-1) prime?
True
Let h(u) = -u**3 + 2*u**2 + 4*u. Let v be h(3). Suppose 3*m - 5*b - 32 = 0, -b = -v*m - 3*b + 4. Suppose 0*z = m*z - 860. Is z a prime number?
False
Let m(s) = -s**3 + 7*s**2 + 7*s + 8. Let z be m(8). Suppose 2*q + q = z. Suppose 6 = -d - l + 6*l, q = d - l - 10. Is d prime?
False
Is (-5524)/8*(-6)/3 composite?
False
Let n = -7524 - -14867. Is n a prime number?
False
Let c = 37 + 7. Let i = 27 + c. Is i a composite number?
False
Suppose -14373 = -6*s - 3*s. Is s prime?
True
Suppose 4*v = -b - 17, 0*v - 3*v - 15 = 0. Is ((-14)/5)/(b/(-15)) composite?
True
Let x(r) = 158*r - 29. Let o(l) = 79*l - 15. Let z(m) = 5*o(m) - 3*x(m). Is z(-5) prime?
False
Let n be (-126)/(-35) - (-3)/(-5). Suppose 65 = 2*c + n*c. Is c a composite number?
False
Let z be 4/10 - 76340/(-25). Is 2/(-8) + z/24 a prime number?
True
Let a = 166 - 92. Suppose 0*v = -2*v + a. Is v a composite number?
False
Let r(m) = -m**3 - 9*m**2 - 15*m + 3. Is r(-8) prime?
True
Let h(s) be the third derivative of s**6/120 + s**5/15 - s**4/24 - s**3/3 + s**2. Let y be h(-4). Suppose -70 = -0*j - y*j. Is j composite?
True
Let i = -735 + 1136. Is i a prime number?
True
Suppose 0 = 5*z - 1453 - 2212. Is z a composite number?
False
Suppose -2*q = -5*q + 762. Is 2/(-2 + 512/q) composite?
False
Suppose 3*m + 90 = -54. Let g be (-63)/12*m/3. Let j = 173 - g. Is j composite?
False
Let v = -7 - -30. Is v prime?
True
Is (2228/8)/((-1)/(-2)) a prime number?
True
Let p(o) = o**2 - 6*o - 6. Let v be p(-11). Suppose -3*f = -v - 308. Is f composite?
False
Suppose 234 = -3*y + 3*t - 213, 598 = -4*y + 2*t. Let b be 2620/(-12) + 2/(-3). Let k = y - b. Is k composite?
True
Suppose -123 - 170 = -b. Is b a composite number?
False
Let u = 4 + 2. Suppose i - u*i = -95. Is i a prime number?
True
Suppose -b - 984 = -3*b. Suppose 0 = -5*m - 25, 73 = -3*f - 2*m + b. Is f a composite number?
True
Let c = -1 - -6. Let p(s) = -5 + c*s + 2 - 1 + 0. Is p(3) prime?
True
Is (-1)/((-2556)/1276 - -2) a prime number?
False
Let r = -108 + 182. Suppose 2*u = -3*o + 105, -5*o - 4*u = -r - 99. Is o prime?
True
Suppose 0 = -7*w + 7075 - 1496. Is w a prime number?
True
Suppose 406 = 2*d + 34. Is 5/(-5) + 1*d a composite number?
True
Suppose 6 = 4*l - 6. Suppose 5*k + l*r + 1 = 3*k, -5*k + r = -23. Suppose k*m + s - 49 = 0, 3*m - 6*s = -s + 54. Is m prime?
True
Is ((-6326)/4)/(3*6/(-36)) a prime number?
True
Is 26 + (-3 + 1 - 1) composite?
False
Is (2 + -1)/(5/185) prime?
True
Let y(u) be the third derivative of -u**6/40 - u**5/20 - u**4/24 + u**3/6 + 2*u**2. Is y(-2) a composite number?
True
Suppose 224 = -2*s + 4*j, 2*j + 0*j = 5*s + 552. Let a = s - -184. Is a prime?
False
Let j(y) = -165*y**2 + 2*y - 1. Let o be j(1). Let p = 59 - o. Is p composite?
False
Suppose 0*u = -4*u, 2*h + 5*u - 338 = 0. Is h a composite number?
True
Let o(k) = -k**3 + 5. Let j be o(0). Let h = 9 + -1. Let l = j + h. Is l prime?
True
Suppose 0 = -z - 4*f + 25, 2*z + 5*f + 0*f - 38 = 0. Let c(m) = 2*m**2 - 2. Let o be c(3). Let d = o - z. Is d a prime number?
True
Suppose -2*q + 3 = -3. Suppose -31 = -q*f + 2*f. Is f prime?
True
Let i(k) = k**3 - 2*k**2 - 4*k + 2. Let q be i(3). Let d(j) = 2*j**2 - 3*j**2 + 2*j**2 - 37*j**3. Is d(q) a prime number?
False
Let w(x) = -8*x**3 - x + 1. Let t(p) = -p**3 + p. Let f(u) = 3*t(u) + w(u). Is f(-1) a prime number?
False
Let z be 18 + -2 + 2 + -3. Suppose z = 2*g - 23. Is g a prime number?
True
Let f(d) = 37*d**3 + 10*d**2 + 3*d - 10. Let h(i) = -12*i**3 - 3*i**2 - i + 3. Let m(j) = -2*f(j) - 7*h(j). Is m(2) a composite number?
True
Let t(m) = m**3 - m**2 - m - 230. Let o = 2 + -2. Let c be t(o). Let i = -139 - c. Is i a composite number?
True
Suppose 5*k - 1328 = q, 0 = 2*q + 5 + 1. Is k prime?
False
Suppose -32 - 13 = -5*y. Suppose -26 + y = -h. Suppose -n + 4*g + h = 0, -g = -0*g - 5. Is n a composite number?
False
Suppose -5*a + 9 = -2*a. Let k be -2 + a + 2 + -1. Is 123 + (-3 - (-3 + k)) composite?
True
Let y(q) = q**2 - 2*q + 8. Let j be y(-6). Let h = 90 - j. Is h a prime number?
False
Suppose 0 = s - 5*u - 914, -3*s + 2*u + 783 = -1972. Is s prime?
True
Suppose -4*w + 0*w + 12 = 0. Suppose w*b - 22 = 11. Is b a composite number?
False
Let k be 4*(1017/(-6))/(-1). Let g = -427 + k. Is g a prime number?
True
Suppose 76 = -3*z - 23. Let m(w) = 10*w**2 - 6*w - 2. Let i be m(-4). Let f = z + i. Is f a composite number?
False
Suppose 4*u - 5*u + 211 = 0. Suppose 5*q + u = n + 3*q, 0 = -2*n + 2*q + 422. Is n composite?
False
Let u be 72/42 - (-4)/14. Suppose -u*m - 1461 = -5*m. Is m prime?
True
Let t(i) = 12*i - 2. Is t(9) prime?
False
Suppose 4*k = 976 + 1080. Suppose 0*q = 2*q - k. Is q prime?
True
Let g(t) = 7*t**3 + 4*t**2 - 5*t + 5. Is g(4) a composite number?
True
Let h = 360 + -173. Is h a prime number?
False
Let o(c) = 247*c - 46. Is o(3) prime?
False
Suppose 3*z - 2*l = 137, -3*z + 6*z - 132 = -3*l. Let h = z + 6. Is h a prime number?
False
Suppose 3974 = 3*p - 11797. Is p composite?
True
Let r(m) = -m + 1. Let o(n) = -30*n + 8. Let t(g) = o(g) - 4*r(g). Let z be t(-4). Let q = z - 75. Is q prime?
False
Suppose -5*a + 2*a + 921 = 0. Is a a composite number?
False
Suppose 0 = -2*n + n. Suppose n = -0*i + i - 3. Suppose 5*r - 83 - 190 = 4*w, r - i*w = 59. Is r composite?
False
Suppose -3*f + 2*f = 4*u - 135, -3*u - 480 = -3*f. Suppose 3*z - 46 = f. Is z prime?
True
Let l(n) = n**2 + n - 75. Let v be l(0). Let z = -44 - v. Is z a composite number?
False
Is 1576/(0 + 2) - 3 prime?
False
Let c(u) be the first derivative of u**3/3 - u**2 + 3. Is c(3) a prime number?
True
Let v(m) = 2*m + 2. Let k be v(-2). Let w be (3 - 3)/((-2)/(-2)). Is w/k - (-66 - 1) composite?
False
Let p be (3 - 3)*(2 + -3). Suppose -4*z + p*z = -3*c + 497, -2*z + 322 = 2*c. Is c a composite number?
False
Let d = -11 + 16. Suppose i + 81 = d*t, 0*i + 162 = -2*i - 4*t. Let h = -4 - i. Is h a prime number?
False
Suppose 140 = -2*t - 486. Let i be (111 - -1)*(-5 - -3). Let v = i - t. Is v a prime number?
True
Suppose -6*n + 1077 = -279. Is n a prime number?
False
Let w = 4 - -8. Is (632/w)/((-4)/(-6)) a composite number?
False
Let v(n) = n**2 + 3*n - 4. Let o be v(-4). Is 2 + o + 1 + 80 a composite number?
False
Let v(b) = -12*b + 2. Let n be -5 + 1 - (-3 - -1). Is v(n) prime?
False
Suppose -3*r = 5*y - 4*y - 1864, 0 = -r - y + 618. Is r composite?
True
Let b = -42 + -19. Let n = b + 96. Is n a composite number?
True
Suppose -4*t = -3*l - 0*t + 427, -2*l = -3*t - 284. Let b = 248 - l. Is b composite?
False
Suppose k = -4*n + 2037, 3*k + 3*n + n = 6143. Is k a prime number?
True
Let i(o) = 26*o - 3. Suppose 1 = -d - 3*w, 4*w = 2*d - d - 6. Let c be d/3*(0 - -3). Is i(c) a prime number?
False
Let o be (333/(-2))/((-30)/40). Let p = o - 95. Is p composite?
False
Suppose 12 = 4*x - 0. Suppose -4*z - 43 = -0*z - 5*g, 0 = 5*z + 4*g + 64. Is (-77)/(-4) + x/z composite?
False
Let c(n) = n**2 + n - 4. Let y be c(0). Let f(x) = -10*x - x**2 + 6*x + 2*x - 5 + 4*x**2. Is f(y) a prime number?
False
Let w = 88 + -17. Is w a composite number?
False
Is (3 + -22)*-31 + -3 prime?
False
Suppose -6*p + 3*p + 681 = 4*a, 5*a - 4*p = 859. Let n = a + -107. Let o = -27 + n. Is o a prime number?
True
Let m = 46 + 253. Is m a prime number?
False
Suppose 4*x = 268 + 1000. Is x prime?
True
Let c = -8 - -10. Suppose -468 = -3*a - 5*m, a + c*m - 146 = -3*m. Is a composite?
True
Let q(g) = -98*g + 13. Is q(-8) a composite number?
False
Let p be 9610/25 + 2/(-5). Suppose z = p - 77. Is z a prime number?
True
Suppose 6*w - 7*w = -3*b + 12511, 5*b - 20853 = 2*w. Is b composite?
True
Let k = -18 - -21. Suppose 0 = -h + k, -3*w - h = 2*w - 4048. Is w a prime number?
True
Suppose -3*s - 4*x = -5*s + 6074, 0 = 5*x - 15. Is s prime?
False
Let w(l) be the third derivative of -7*l**6/180 + l**5/120 - l**4/12 - 2*l**2. Let o(x) be the second derivative of w(x). Is o(-6) a composite number?
True
Let h = 5 - 3. Suppose 0 = 4*p - 3*p - 1. Is (h + 77)/p - 0 composite?
False
Suppose 3*i + 24 = 7*i. Let w be (-2 + 2)/(i/2). Suppose w = -y + 3*y - 52. Is y a composite number?
True
Let w(i) = 7*i**3 + 2*i**2 - 11*i - 7. Let r(m) = 6*m**3 + 3*m**2 - 10*m - 7. Let u(q) = 6*r(